/(-21) + 138/(-126))/(38/(-13338399)) a composite number?
False
Suppose -2*l - 565262 = -14*p + 10*p, 4*l = -20. Is p a prime number?
False
Let g(u) = 82*u + 23. Let y(b) = -82*b - 15. Let r(a) = 6*g(a) + 5*y(a). Is r(4) a composite number?
True
Suppose -2*q = -46 + 14. Suppose q - 10 = 3*l. Suppose -l*i + 318 = -2092. Is i a prime number?
False
Is (1865456/(-40))/((-11)/(275/10)) a composite number?
True
Suppose -85 = 6*c - 23*c. Suppose 2*b = -c*r + 9119, 5*b + 21*r = 24*r + 22720. Is b a prime number?
True
Suppose 3*j = 4*r + 3, 0*r - 3*r = 2*j - 2. Let u be (32/j)/(4/256). Let x = -1321 + u. Is x a prime number?
True
Let h = 446308 + -276741. Is h a prime number?
True
Let l = -223 + 352. Let j(d) = l + 79 + d + d**3 - d**2 + 163. Is j(0) a prime number?
False
Suppose -3*t - 96 = 2*v, 0 = 2*t - 5*t - 4*v - 102. Let j = 34 + t. Suppose 4*k = -4*c + 552, 2*k + c = j*c + 251. Is k a prime number?
False
Let i(f) = f**3 - 28*f**2 + 30*f - 39. Let x be i(27). Suppose -x*m + 45463 = -31*m. Is m a composite number?
False
Suppose 0 = -4*d + 5*u + 4964371, u = 552*d - 564*d + 14893065. Is d a composite number?
True
Suppose 50*h + 15134 = 54*h - 474414. Is h prime?
True
Let g(v) = v**2 - 7*v - 43. Let o be 2/(-7) + (-605)/(-35). Is g(o) a composite number?
False
Suppose k + 2*z - 3 = 0, -5*z = k + k - 5. Suppose k*m + 3*h - 5944 = 4*m, 0 = 5*m + h - 29706. Is m a prime number?
False
Let u = -484 - -501. Let o(x) = -12*x**3 + 37 - 5*x**2 - 7*x**3 + 20*x**3. Is o(u) a prime number?
False
Let y = -464 + 111. Let k = 353 - y. Is k composite?
True
Suppose 1 = -0*p + p - 5*w, -p = -4*w - 2. Let s be 1*(-3 + 2) + p + -3. Suppose -1106 = -2*d + s*r, 0 = -3*d + 2*r + 1956 - 293. Is d a prime number?
True
Let z(g) = -g + 13. Let d be z(13). Let i(r) be the second derivative of r**5/20 - r**3/6 + 1373*r**2/2 - 18*r. Is i(d) a prime number?
True
Let k(l) = 12931*l - 362. Is k(3) a prime number?
True
Let l(v) = 50*v**2 + 8*v + 11. Let h(y) = 25*y**2 + 4*y + 6. Let a(d) = -11*h(d) + 6*l(d). Let k be a(-5). Let n = k - 124. Is n prime?
False
Let d(p) = -3*p - 81. Let f be d(-29). Is -2*(f + 1772/(-8)) a composite number?
False
Let t = -14830 - -21869. Is t a composite number?
False
Suppose m + 21 = 2*f + 6*m, 4*f = 4*m. Let w(k) = 32*k**2 - 10 - 5*k - f + 4 + 4. Is w(6) prime?
True
Let h be 4/(-3 - -2)*274. Let j = -492 - h. Let z = j + -273. Is z a composite number?
False
Let j(b) = 355*b**2 - 12*b + 4. Let p(t) = 14*t - 77. Let k be p(6). Is j(k) prime?
False
Suppose 4*t - 34885 = 5*k, 4*k + 10*t + 27872 = 6*t. Let c = k - -13746. Is c composite?
True
Let x be 4 - 7*(-5 + -2078). Let h = x - 8476. Is h a composite number?
True
Let a(y) = 4*y - 151 - 18*y - 10*y + 2*y. Is a(-47) a prime number?
True
Is (2 - 328924/(-10)) + 28/(-770)*11 composite?
True
Let g be -474*(5 + 14/(-6)). Let s = g - -2363. Is s prime?
False
Let v(m) = 2*m**3 - 25*m**2 + 15*m - 24. Let j be v(12). Suppose -7871 + 2483 = -j*u. Is u a composite number?
False
Suppose -24*o + 21*o = -z + 44695, -z = 5*o - 44671. Is z prime?
False
Suppose -24 = -0*z - 4*z. Let k be (63/z)/(12/64). Is ((-111)/12)/((-2)/k) prime?
False
Suppose -880502 = -420*n + 406*n. Is n a composite number?
True
Let o be 1 + 1691784/30 + 3/15. Suppose 5*r + 7949 - o = 0. Is r a prime number?
True
Let r(c) = -c**2 - 4*c + 7. Let h be r(-5). Let m be 68465/35 + (-3)/21. Suppose 6*o - m = h*o. Is o a composite number?
True
Let j(m) be the first derivative of 76*m**2 - 42*m + 26. Let k be j(-5). Is 14/42 - k/6 prime?
False
Suppose 5*q = -5*s + 1015, 614 = -3*s + 6*s - 2*q. Suppose 6*y = 936 + s. Suppose -1382 = -12*v + y. Is v a composite number?
False
Is 881793/72 - (-6)/(-48) a prime number?
False
Let u be 46*((-334)/8 - 6/24). Let o(m) = 30*m**2 + m - 14. Let c be o(-11). Let i = u + c. Is i prime?
False
Suppose 64221 = 33*x - 226278. Is x composite?
False
Suppose 4*v - a - 408619 = 0, 0 = 11*a - 6*a - 5. Is v composite?
True
Let t(h) = -7*h - 11719. Let r be t(0). Let c = 22746 + r. Is c composite?
False
Let q(t) = 109*t - 11. Let v(h) = -218*h + 21. Let n(m) = 13*q(m) + 6*v(m). Is n(7) a prime number?
False
Let v(h) = -11657*h - 368. Is v(-5) a prime number?
True
Let b be ((-6)/(-30))/(2/7690). Suppose -d = -105 - b. Is 8/(32/(-12)) + d a composite number?
True
Suppose 7*p - 1341895 = -4*z, z - 30*p + 27*p = 335488. Is z a composite number?
True
Let m(u) = -95890*u + 243. Is m(-4) a prime number?
False
Let l(j) = j**3 + 3*j**2 + 5*j. Let r be 66/(-30) - 3/(-15). Let n be l(r). Let v(p) = -63*p + 3. Is v(n) a composite number?
True
Let o = -153953 + 242994. Is o a composite number?
False
Suppose 26*w + 402 = 27*w. Suppose -5*a = -4*k - 50, 4*a - k + 4*k - 9 = 0. Suppose w = 8*g - a*g. Is g composite?
True
Let z = 5644 + -8428. Let c be 210/40*752/(-6)*(-9)/(-6). Let p = c - z. Is p composite?
True
Is 224562/4 + ((-567)/42 - 84/(-6)) prime?
False
Let f(w) = 2 - 7*w + 28*w - 8*w - 11*w. Let d be f(1). Suppose 4*p - d*h = 1628, 3*p = p + 5*h + 808. Is p a prime number?
True
Let f(d) = 6*d + 20. Let w be f(13). Let u(j) = 11 - 12*j + 32*j**2 - 1 + w*j**2 + 3. Is u(6) a composite number?
False
Let u(s) = 10*s**2 + 4*s + 5. Let j(q) = 8*q**2 + 3*q + 1. Let c(t) = -t - 6. Let v be c(-5). Let r be j(v). Is u(r) a prime number?
True
Let t(n) = 5*n**2 + 9*n + 9. Let m(a) = a**2 + a + 1. Let s(k) = 2*m(k) + t(k). Let l(h) = h**3 + 10*h**2 - 10*h + 2. Let b be l(-11). Is s(b) prime?
True
Suppose 268*d - 260*d - 507760 = 0. Suppose -14*s = -36*s + d. Is s prime?
False
Let h be (-9 + (0 - -8))/((-2)/(-8)). Is ((-6)/h)/(((-360)/275696)/(-15)) a prime number?
True
Let d(l) = -2*l**2 - 40*l + 49. Let n be d(-21). Suppose 56925 - 13112 = n*i. Is i prime?
False
Suppose -2*t + 2*p = -1067406, -2*p = 5*t - 8*t + 1601117. Is t a prime number?
True
Let r = 628 + -449. Let v = 3768 + r. Is v composite?
False
Let y(c) = -116*c**3 + 3*c**2 - 8*c + 1. Let v be y(4). Let w be v/6 - (-9)/6. Let x = w - -2320. Is x a composite number?
False
Suppose 5*b - 2*y - 5232481 = 0, 28*b - y + 6278967 = 34*b. Is b a prime number?
False
Let b be 1/(-3) + 658/21. Suppose 31 - b = -5*l. Suppose l*t + 129 = y + 2*t, -4*y + t = -471. Is y composite?
True
Let v = 13655 + 1284. Is v composite?
False
Suppose -81647 = -f - 5*k, 0 = f - k + 35935 - 117582. Is f a composite number?
False
Let b(s) = -s**3 + 9*s**2 + 11*s - 22. Let r be b(10). Let q be (-6)/24 + (-99)/r. Suppose 6*g + 1906 = q*g. Is g composite?
False
Suppose 2 = -8*w + 82. Let q = 7 + w. Let k(a) = a**3 - 15*a**2 + 40*a + 15. Is k(q) a prime number?
False
Suppose 16 = -4*r, -2*h + 3*r + 4368 = 8*r. Suppose -13*u + 13107 = -h. Is u composite?
True
Let b(a) = -37445*a + 6569. Is b(-49) a prime number?
False
Let h(w) = -285*w + 1598. Is h(-105) a composite number?
True
Let b(v) be the third derivative of v**5/30 + 19*v**4/24 + 4*v**3 + 5*v**2. Let t be b(16). Suppose 4*u - t = -4*j + 1704, j - u = 626. Is j prime?
True
Let x(a) = -4013*a + 2285. Is x(-12) composite?
False
Is (0 + 3655504/20)*(-30)/(-12) a prime number?
False
Let f(m) = -63*m**3 + 5*m**2 - 7*m - 5. Let p(g) = 63*g**3 - 6*g**2 + 7*g + 6. Let c(y) = 6*f(y) + 5*p(y). Let j be c(-3). Suppose -6*r = -j - 396. Is r prime?
True
Suppose -3*p + 12 = 2*l - 0*l, 0 = -5*p + 10. Let o be l + (-13 - (-5 - -3)). Is (-12)/o*(-3764)/(-6) prime?
True
Let q = 4 - 1. Let u(l) = -l**2 - 28*l + 489. Let i be u(-40). Suppose 0 = q*a + i, 2*p + 650 = 4*p + 4*a. Is p prime?
True
Suppose -2*c + 2632 = -c - 5*s, -2*c = -3*s - 5285. Let o = 7313 - c. Is o a prime number?
False
Let o be 3 + -8 + 1 - 2289. Let b = o + 3680. Suppose -b = -3*a + 56. Is a prime?
False
Suppose -4*n + 424*u + 195100 = 420*u, -4*u + 97574 = 2*n. Is n prime?
True
Suppose 483*b - 481*b = -5*x + 960011, -2*x = -b - 383990. Is x composite?
False
Let c be -446*-15*(35/10)/(-7). Suppose 0 = k - 4*w + 1, -48 - 5 = 5*k + 4*w. Is c/(-10)*(-6)/k a composite number?
False
Suppose -21*u - 1069620 = -41*u. Is u a composite number?
True
Suppose 17*y = 14*y + 57. Is 5 + y/((-95)/(-72630)) composite?
True
Suppose -26*z + 20*z = 53808. Let w = 5229 - z. Is w a composite number?
False
Let z(h) = -7*h**3 + 2*h**2 - 4*h + 2. Let o be z(2). Is (156 + 1)*(-2 - o)/4 prime?
False
Suppose 4*x - 2*i - 9 = 221, 3*x + 4*i =